{"id":50,"date":"2015-08-09T12:40:02","date_gmt":"2015-08-09T12:40:02","guid":{"rendered":"http:\/\/vu2447.admin.webhold.hu\/?page_id=50"},"modified":"2021-07-15T08:59:43","modified_gmt":"2021-07-15T08:59:43","slug":"diakonkormanyzat","status":"publish","type":"page","link":"\/?page_id=50","title":{"rendered":"Di\u00e1k\u00f6nkorm\u00e1nyzat"},"content":{"rendered":"<p><a href=\"\/wp-content\/uploads\/2015\/08\/A-di\u00e1k\u00f6nkorm\u00e1nyzat-SZMSZ.pdf\">A di\u00e1k\u00f6nkorm\u00e1nyzat-SZMSZ<\/a><\/p>\n","protected":false},"excerpt":{"rendered":"<p>A di\u00e1k\u00f6nkorm\u00e1nyzat-SZMSZ<\/p>\n","protected":false},"author":1,"featured_media":0,"parent":0,"menu_order":0,"comment_status":"closed","ping_status":"closed","template":"","meta":{"footnotes":""},"class_list":["post-50","page","type-page","status-publish","hentry"],"_links":{"self":[{"href":"\/index.php?rest_route=\/wp\/v2\/pages\/50","targetHints":{"allow":["GET"]}}],"collection":[{"href":"\/index.php?rest_route=\/wp\/v2\/pages"}],"about":[{"href":"\/index.php?rest_route=\/wp\/v2\/types\/page"}],"author":[{"embeddable":true,"href":"\/index.php?rest_route=\/wp\/v2\/users\/1"}],"replies":[{"embeddable":true,"href":"\/index.php?rest_route=%2Fwp%2Fv2%2Fcomments&post=50"}],"version-history":[{"count":2,"href":"\/index.php?rest_route=\/wp\/v2\/pages\/50\/revisions"}],"predecessor-version":[{"id":3456,"href":"\/index.php?rest_route=\/wp\/v2\/pages\/50\/revisions\/3456"}],"wp:attachment":[{"href":"\/index.php?rest_route=%2Fwp%2Fv2%2Fmedia&parent=50"}],"curies":[{"name":"wp","href":"https:\/\/api.w.org\/{rel}","templated":true}]}}