{"id":46,"date":"2015-08-09T12:39:27","date_gmt":"2015-08-09T12:39:27","guid":{"rendered":"http:\/\/vu2447.admin.webhold.hu\/?page_id=46"},"modified":"2024-03-04T07:14:09","modified_gmt":"2024-03-04T07:14:09","slug":"csengetesi-rend","status":"publish","type":"page","link":"\/?page_id=46","title":{"rendered":"Csenget\u00e9si rend"},"content":{"rendered":"<p>1.\u00f3ra 7:45-8:30<br \/>\n2.\u00f3ra 8:45-9:30<br \/>\n3.\u00f3ra 9:45-10:30<br \/>\n4.\u00f3ra 10:40-11:25<br \/>\n5.\u00f3ra 11:35-12:20<br \/>\n6.\u00f3ra 12:30-13:15<br \/>\n7.\u00f3ra 13:25-14:10<br \/>\n8.\u00f3ra 14:20-15:05<br \/>\n9.\u00f3ra 15:15-16:00<\/p>\n<p><strong>Als\u00f3ban\u00a0 \u00a0<\/strong><br \/>\n1. \u00f3ra 7:45-8:30<br \/>\n2. \u00f3ra 8:45-9:30<br \/>\n3. \u00f3ra 9:45-10:30<br \/>\n4. \u00f3ra 10:40-11:25<br \/>\n5. \u00f3ra 11:35-12:20 eb\u00e9d<br \/>\n6. \u00f3ra 12:30-13:15 szabadid\u0151<br \/>\n7. \u00f3ra 13:25-14:10<br \/>\n8. \u00f3ra 14:15-15:00<br \/>\n<strong><em>15:00-15:15 uzsonna<\/em><\/strong><br \/>\n9. \u00f3ra 15:15-16:00<\/p>\n<p><strong>R\u00f6vid\u00edtett \u00f3r\u00e1k<br \/>\n<\/strong>1.\u00f3ra 7:45-8:25<br \/>\n2.\u00f3ra 8:40-9:20<br \/>\n3.\u00f3ra 9:35-10:15<br \/>\n4.\u00f3ra 10:20-11:00<br \/>\n5.\u00f3ra 11:05-11:45<br \/>\n6.\u00f3ra 11:50-12:30<\/p>\n","protected":false},"excerpt":{"rendered":"<p>1.\u00f3ra 7:45-8:30 2.\u00f3ra 8:45-9:30 3.\u00f3ra 9:45-10:30 4.\u00f3ra 10:40-11:25 5.\u00f3ra 11:35-12:20 6.\u00f3ra 12:30-13:15 7.\u00f3ra 13:25-14:10 8.\u00f3ra 14:20-15:05 9.\u00f3ra 15:15-16:00 Als\u00f3ban\u00a0 \u00a0 1. \u00f3ra 7:45-8:30 2. \u00f3ra 8:45-9:30 3. \u00f3ra 9:45-10:30 4. \u00f3ra 10:40-11:25 5. \u00f3ra 11:35-12:20 eb\u00e9d 6. \u00f3ra 12:30-13:15 szabadid\u0151 7. \u00f3ra 13:25-14:10 8. \u00f3ra 14:15-15:00 15:00-15:15 uzsonna 9. \u00f3ra [&hellip;]<\/p>\n","protected":false},"author":1,"featured_media":0,"parent":0,"menu_order":0,"comment_status":"closed","ping_status":"closed","template":"","meta":{"footnotes":""},"class_list":["post-46","page","type-page","status-publish","hentry"],"_links":{"self":[{"href":"\/index.php?rest_route=\/wp\/v2\/pages\/46","targetHints":{"allow":["GET"]}}],"collection":[{"href":"\/index.php?rest_route=\/wp\/v2\/pages"}],"about":[{"href":"\/index.php?rest_route=\/wp\/v2\/types\/page"}],"author":[{"embeddable":true,"href":"\/index.php?rest_route=\/wp\/v2\/users\/1"}],"replies":[{"embeddable":true,"href":"\/index.php?rest_route=%2Fwp%2Fv2%2Fcomments&post=46"}],"version-history":[{"count":13,"href":"\/index.php?rest_route=\/wp\/v2\/pages\/46\/revisions"}],"predecessor-version":[{"id":4145,"href":"\/index.php?rest_route=\/wp\/v2\/pages\/46\/revisions\/4145"}],"wp:attachment":[{"href":"\/index.php?rest_route=%2Fwp%2Fv2%2Fmedia&parent=46"}],"curies":[{"name":"wp","href":"https:\/\/api.w.org\/{rel}","templated":true}]}}