{"id":42,"date":"2015-08-09T12:38:49","date_gmt":"2015-08-09T12:38:49","guid":{"rendered":"http:\/\/vu2447.admin.webhold.hu\/?page_id=42"},"modified":"2015-08-10T17:57:15","modified_gmt":"2015-08-10T17:57:15","slug":"iskolank-tortenete","status":"publish","type":"page","link":"\/?page_id=42","title":{"rendered":"Iskol\u00e1nk t\u00f6rt\u00e9nete"},"content":{"rendered":"<h1 style=\"text-align: center;\">A K\u00f6zponti \u00c1ltal\u00e1nos Iskola t\u00f6rt\u00e9nete<\/h1>\n<p style=\"text-align: center;\"><a href=\"\/wp-content\/uploads\/2015\/08\/kozpontiiskola.jpg\"><img loading=\"lazy\" decoding=\"async\" class=\"alignnone size-full wp-image-161\" src=\"\/wp-content\/uploads\/2015\/08\/kozpontiiskola.jpg\" alt=\"kozpontiiskola\" width=\"241\" height=\"151\" \/><\/a><\/p>\n<h1><strong>1952<\/strong> &#8211; A belter\u00fcleti iskola elnevez\u00e9se K\u00f6zponti \u00c1ltal\u00e1nos Iskol\u00e1ra v\u00e1ltozott<\/h1>\n<p><strong>1952\/53<\/strong> &#8211; Dolgoz\u00f3k \u00e1ltal\u00e1nos iskol\u00e1ja indul, mely nagyban hozz\u00e1j\u00e1rul az \u00edr\u00e1studatlans\u00e1g cs\u00f6kkent\u00e9s\u00e9hez.<\/p>\n<p><strong>1958 <\/strong>&#8211; Kiseg\u00edt\u0151 iskolai csoport oktat\u00e1sa indul, mely kis l\u00e9tsz\u00e1mmal a mai napig m\u0171k\u00f6dik<\/p>\n<p style=\"text-align: justify;\"><strong>1963\/65<\/strong> &#8211; N\u00e9gy tantermes gimn\u00e1zium \u00e9p\u00fcl, mely azonban nem tudja felvenni a versenyt a k\u00f6rnyez\u0151 v\u00e1rosok k\u00f6z\u00e9piskol\u00e1ival, s csak 1968-ig m\u0171k\u00f6dik. A gimn\u00e1ziumi oktat\u00e1s megsz\u0171n\u00e9s\u00e9vel az \u00e1ltal\u00e1nos iskola kapja meg az \u00e9p\u00fcletet, ami hozz\u00e1j\u00e1rul az \u00e1ltal\u00e1nos iskolai zs\u00fafolts\u00e1g megsz\u0171n\u00e9s\u00e9hez. Ett\u0151l az id\u0151t\u0151l megsz\u0171nt a d\u00e9lut\u00e1ni tan\u00edt\u00e1s a K\u00f6zponti \u00c1ltal\u00e1nos Iskol\u00e1ban. Az 1963-as tanterv bevezet\u00e9s\u00e9vel, majd az ezt k\u00f6vet\u0151 tantervi reformokkkal javultak az oktat\u00e1s felt\u00e9telei. Nagy beruh\u00e1z\u00e1sok nem t\u00f6rt\u00e9ntek, azonban kisebb b\u0151v\u00edt\u00e9sekkel , \u00e1talak\u00edt\u00e1sokkal politechnikai m\u0171hely, k\u00e9s\u0151bb technika terem, iskolai k\u00f6nyvt\u00e1r, napk\u00f6zis konyha kialak\u00edt\u00e1s\u00e1ra ker\u00fclt sor.<\/p>\n<p><strong>1983<\/strong> &#8211; Megalakul az Iskolasz\u00f6veti csoport a Mindszenti \u00c1F\u00c9SZ t\u00e1mogat\u00e1s\u00e1val. 10 \u00e9ven kereszt\u00fcl orsz\u00e1gosan is kiemelked\u0151 sikerrel m\u0171k\u00f6dik.<\/p>\n<p><strong>1986<\/strong> &#8211; Sportcsarnok \u00e9p\u00fcl a K\u00f6zponti \u00c1ltal\u00e1nos Iskol\u00e1ban, mely az iskolai testnevel\u00e9sen t\u00fal a lakoss\u00e1gi ig\u00e9nyeket is kiel\u00e9g\u00edti.<\/p>\n<p style=\"text-align: justify;\"><strong>1994<\/strong> &#8211; Nagy sikerrel megrendezz\u00fck az els\u0151 j\u00f3t\u00e9konys\u00e1gi b\u00e1lat s ezzel egy id\u0151ben l\u00e9trej\u00f6n az Iskolabar\u00e1t Alap\u00edtv\u00e1ny. Ezek bev\u00e9tel\u00e9b\u0151l az eltelt 10 \u00e9vben sz\u00e1mos nagyon hasznos tev\u00e9kenys\u00e9g, szabadid\u0151s program t\u00e1mogat\u00e1s\u00e1ra \u00e9s a t\u00e1rgyi felt\u00e9telek jav\u00edt\u00e1s\u00e1ra ny\u00edlt lehet\u0151s\u00e9g. T\u00f6bbek k\u00f6z\u00f6tt siker\u00fclt fel\u00faj\u00edtani az iskolaudvari sportp\u00e1ly\u00e1kat, lehet\u0151v\u00e9 v\u00e1lt a klubszoba kialak\u00edt\u00e1sa, sz\u00e1m\u00edt\u00f3g\u00e9pek v\u00e1s\u00e1rl\u00e1sa, a k\u00f6nyvt\u00e1r \u00e1llom\u00e1ny\u00e1nak b\u0151v\u00edt\u00e9se, a gyakorl\u00f3kert mintakertt\u00e9 alak\u00edt\u00e1sa \u00e9s f\u00e1s\u00edt\u00e1sa, a tehets\u00e9ges gyermekek versenyeken val\u00f3 ind\u00edt\u00e1sa, a l\u00e1nyiskola udvar\u00e1n faj\u00e1tsz\u00f3t\u00e9r l\u00e9trehoz\u00e1sa, a h\u00e1tr\u00e1nyos helyzet\u0171 gyermekek t\u00e1boroz\u00e1s\u00e1nak t\u00e1mogat\u00e1sa, az iskolah\u00e9t programjainak t\u00e1mogat\u00e1sa, stb.<\/p>\n<p><strong>1994 <\/strong>-Speci\u00e1lis szakiskolai k\u00e9pz\u00e9s indul, mely h\u00e1rom tan\u00e9ven \u00e1t m\u0171k\u00f6dik.<\/p>\n<p><strong>1998\/99<\/strong> -1. \u00e9s 7. \u00e9vfolyamon elindul a NAT \u00e9s elk\u00e9sz\u00fcl a Pedag\u00f3giai Programunk<\/p>\n<p><strong>2000<\/strong> &#8211; A \u201egimn\u00e1zium\u201d \u00e9p\u00fclet\u00e9ben l\u00e9v\u0151 volt szolg\u00e1lati lak\u00e1sban berendezz\u00fck az \u00faj informatika termet \u00e9s bek\u00f6lt\u00f6zik az udvari fah\u00e1zb\u00f3l az iskolai k\u00f6nyvt\u00e1r is.<\/p>\n<p><strong>2001 <\/strong>&#8211; P\u00e1ly\u00e1zaton nyert p\u00e9nzb\u0151l 15 \u00faj sz\u00e1m\u00edt\u00f3g\u00e9ppel gazdagodott az informatika terem<\/p>\n<p><strong>2001\/2002<\/strong> -1. \u00e9s 5. \u00e9vfolyamon helyi tanterv bevezet\u00e9se<\/p>\n<ol start=\"2003\">\n<li><strong>2003<\/strong>. j\u00falius 1-j\u00e9n \u00fajra \u00f6sszevon\u00e1sra ker\u00fcl a k\u00e9t iskola, \u00e9s a D\u00f3zsa-telepi r\u00e9sz telephelyk\u00e9nt m\u0171k\u00f6dik tov\u00e1bb, k\u00f6z\u00f6s igazgat\u00e1s alatt. Az iskola \u00faj neve: Mindszenti \u00c1ltal\u00e1nos Iskola<\/li>\n<\/ol>\n<p><strong>2003<\/strong> &#8211; Hartheimi di\u00e1kcsereprogram kezdete<\/p>\n<p><strong>2003\/2004<\/strong> &#8211; 1. \u00e9s 5. \u00e9vfolyamon elindul a 10\/2003.(IV.28.)OM rendelet alapj\u00e1n t\u00f6rt\u00e9n\u0151 tananyag cs\u00f6kkent\u00e9s\u00e9t figyelembe vev\u0151 Kerettanterv<\/p>\n<h1 style=\"text-align: center;\">A D\u00f3zsa-telepi \u00c1ltal\u00e1nos Iskola t\u00f6rt\u00e9nete<\/h1>\n<h1 style=\"text-align: center;\"><a href=\"\/wp-content\/uploads\/2015\/08\/dozsatelepitagintezmeny.jpg\"><img loading=\"lazy\" decoding=\"async\" class=\"alignnone size-full wp-image-162\" src=\"\/wp-content\/uploads\/2015\/08\/dozsatelepitagintezmeny.jpg\" alt=\"dozsatelepitagintezmeny\" width=\"246\" height=\"151\" \/><\/a><\/h1>\n<p>\/ Forr\u00e1s: Iskolat\u00f6rt\u00e9neti napl\u00f3k\/<\/p>\n<p><strong>1929<\/strong> A Szent Imre &#8211; telepen 4 tantermes, nevel\u0151i szob\u00e1val, valamint szolg\u00e1lati lak\u00e1ssal ell\u00e1tott iskola \u00e9p\u00fclt.<\/p>\n<p><strong>1930<\/strong> 4 als\u00f3 tagozatos oszt\u00e1llyal, 230 f\u0151 tanul\u00f3val megkezd\u0151d\u00f6tt a tan\u00edt\u00e1s. Az iskola a belter\u00fcleti igazgat\u00f3s\u00e1ghoz tartozott.<\/p>\n<p><strong>1946<\/strong> Megalakult az \u00fatt\u00f6r\u0151csapat. A telepen kihelyezett rajok m\u0171k\u00f6dtek.<\/p>\n<p><strong>1947<\/strong> \u00c1llami \u00e1ltal\u00e1nos Szt. Imre telepi egy\u00fcttm\u0171k\u00f6d\u0151 fi\u00f3kiskola &#8211; az iskola neve \u00e9s st\u00e1tusza.<\/p>\n<p><strong>1948<\/strong> D\u00f3zsa-telepi fi\u00f3kiskol\u00e1ra v\u00e1ltozott az elnevez\u00e9s.<\/p>\n<p><strong>1950<\/strong>\/<strong>51<\/strong> A II. f\u00e9l\u00e9vt\u0151l 67 f\u0151vel megindult az 5. oszt\u00e1lyban is a tan\u00edt\u00e1s.<\/p>\n<p style=\"text-align: justify;\"><strong>1952<\/strong> A n\u00e9gyoszt\u00e1lyos iskola nyolc oszt\u00e1lyoss\u00e1 fejl\u0151d\u00f6tt &#8211; \u00f6n\u00e1ll\u00f3 igazgat\u00f3s\u00e1gg\u00e1 alakult D\u00f3zsa telepi \u00c1ltal\u00e1nos Iskola n\u00e9ven. Hozz\u00e1csatolt\u00e1k a 6 tanyai iskol\u00e1t 8 tanul\u00f3csoporttal. (Elege, Als\u00f3ludas, Fels\u0151-ludas, T\u00e9gl\u00e1s, Hegyeshalom,Koszor\u00fahalom).Els\u0151 igazgat\u00f3ja Nagy Istv\u00e1n (magyar-t\u00f6rt\u00e9nelem szakos tan\u00e1r) lett, aki nyugd\u00edjaz\u00e1s\u00e1ig, 1984-ig vezette az iskol\u00e1t.Megalakult a D\u00f3zsa Gy\u00f6rgy \u00datt\u00f6r\u0151csapat. Csapatvezet\u0151: Nagy Istv\u00e1n. 292 tanul\u00f3 k\u00f6z\u00fcl 191 kisdobos \u00e9s \u00fatt\u00f6r\u0151.<\/p>\n<p><strong>1953<\/strong> Kultur\u00e1lis szemle &#8211; j\u00e1r\u00e1si fordul\u00f3 I. hely &#8222;L\u00e9gy munk\u00e1ra, harcra k\u00e9sz&#8221; &#8211; sportverseny atl\u00e9tika I. hely.<\/p>\n<p><strong>1954<\/strong> Bekapcsol\u00f3d\u00e1s a hullad\u00e9kgy\u0171jt\u00e9si akci\u00f3ba \u00e9s az \u0151szi mez\u0151gazdas\u00e1gi betakar\u00edt\u00e1si munk\u00e1ba.<\/p>\n<p><strong>1955<\/strong> 32 f\u0151s t\u00e1nccsoport alakult, megyei versenyen kiv\u00e1l\u00f3 min\u0151s\u00edt\u00e9st \u00e9rt el \u00fcveges t\u00e1nc\u00e1val. Megkezd\u0151d\u00f6tt a r\u00e9gis\u00e9gek gy\u0171jt\u00e9se.<\/p>\n<p><strong>1956<\/strong> Megalakult az iskola \u00e9nekkara. Orsz\u00e1gj\u00e1r\u00f3 t\u00far\u00e1t szerveztek Miskolctapolc\u00e1ra<\/p>\n<p><strong>1957<\/strong> Megalakult az els\u0151 szakk\u00f6r (t\u00f6rt\u00e9nelem-magyar).<\/p>\n<p><strong>1958<\/strong> A D\u00f3zsa-telepi \u00e9s a tanyai iskol\u00e1k \u00fatt\u00f6r\u0151csapatai egyes\u00fcltek.<\/p>\n<p><strong>1959<\/strong> Megszervezt\u00e9k az els\u0151 ny\u00e1ri t\u00e1bort Fony\u00f3dligeten.\u00c1tadt\u00e1k a D\u00f3zsa-telepi \u00d3vod\u00e1t (Elege u.), amely az iskola igazgat\u00f3s\u00e1g\u00e1hoz tartozott 1981-ig. Vezet\u0151i: Katona M\u00e1ria \u00e9s Vass S\u00e1ndorn\u00e9<\/p>\n<p><b>1960<\/b> Fot\u00f3- \u00e9s rajzszakk\u00f6r alakult. Befejez\u0151d\u00f6tt az \u00faj iskolasz\u00e1rny \u00e9p\u00edt\u00e9se. (4 tanteremmel, 2 szert\u00e1rral, 1 kism\u0171hely teremmel \u00e9s szolg\u00e1lati lak\u00e1ssal).K\u00e9ksir\u00e1ly &#8211; v\u00edzi \u0151rs alakult.<\/p>\n<p><b>1961<\/b> Megalakult a Falusi Ifj\u00fas\u00e1gi Sz\u00f6vetkezet. K\u00fclf\u00f6ldi levelez\u00e9sek indultak. (Rom\u00e1nia, Szovjetuni\u00f3, Csehszlov\u00e1kia, Jugoszl\u00e1via, Lengyelorsz\u00e1g).Megkezd\u0151d\u00f6tt a p\u00e1lyav\u00e1laszt\u00e1si tan\u00e1csad\u00e1s.<\/p>\n<p><strong>1962<\/strong> Megalakult a k\u00f6nyvt\u00e1r 299 k\u00f6nyvvel (500 Ft \u00e9rt\u00e9kben).<\/p>\n<p><strong>1964<\/strong> &#8222;Exped\u00edci\u00f3 a j\u00f6v\u0151be&#8221; t\u00e1nc\u00e1val a t\u00e1nccsoport j\u00e1r\u00e1si I. \u00e9s megyei II. helyez\u00e9st \u00e9rt el. R\u00e9szv\u00e9tel a j\u00e1r\u00e1s \u00e1ltal szervezett \u00f3massai t\u00e1borban.Elindultak a tanulm\u00e1nyi versenyek. Oroszb\u00f3l orsz\u00e1gos 7. helyez\u00e9st \u00e9rt el egy tanul\u00f3.<\/p>\n<p><b>1965<\/b> Sz\u00ednj\u00e1tsz\u00f3 csoport \u00e9s fi\u00fa t\u00e1nccsoport alakult. Az iskola k\u00f3rusa j\u00e1r\u00e1si versenyen arany\u00e9rmet nyert. Els\u0151 farsangi rendezv\u00e9ny. Elk\u00e9sz\u00fclt az iskola t\u00f6rt\u00e9net\u00e9nek kr\u00f3nik\u00e1ja 1952-t\u0151l.<\/p>\n<p><strong>1966<\/strong> Elkezdte munk\u00e1j\u00e1t a Pajt\u00e1s \u00dajs\u00e1g tud\u00f3s\u00edt\u00f3inak csoportja. Mese\u00edr\u00f3 p\u00e1ly\u00e1zaton megyei I. helyez\u00e9st \u00e9rt el egy fi\u00fa tanul\u00f3. Csal\u00e1di \u00fcnnepek (n\u00e9vad\u00f3, h\u00e1zass\u00e1gk\u00f6t\u00e9s) k\u00f6sz\u00f6nt\u00e9se m\u0171sorral.<\/p>\n<p><strong>1967<\/strong> Az Ifj\u00fa eg\u00e9szs\u00e9g\u0151r csoport j\u00e1r\u00e1si I. helyez\u00e9st \u00e9rt el.<\/p>\n<p><strong>1968<\/strong> A 2064. sz. D\u00f3zsa Gy\u00f6rgy \u00datt\u00f6r\u0151csapat elnyerte a KISZ KB V\u00f6r\u00f6s Selyemz\u00e1szl\u00f3 kit\u00fcntet\u00e9st.<\/p>\n<p><strong>1969<\/strong> A honv\u00e9delmi szakk\u00f6r l\u00f6v\u00e9szcsapata megyei I. helyezett lett.Az els\u0151 k\u00fclf\u00f6ldi t\u00e1bor Lengyelorsz\u00e1gban.<\/p>\n<p><strong>1970<\/strong> Egy tanteremmel \u00e9s t\u00e1lal\u00f3konyh\u00e1val b\u0151v\u00fclt az iskola.<\/p>\n<p><strong>1971<\/strong> A Mindszenti Tan\u00e1cst\u00f3l s\u00e1torpark fejleszt\u00e9sre 11.200,- Ft-ot kapott az iskola. (4 db 4 szem\u00e9lyes s\u00e1tor).<\/p>\n<p style=\"text-align: justify;\"><strong>1972<\/strong> A Pajt\u00e1s \u00dajs\u00e1g tud\u00f3s\u00edt\u00f3csoportja kiemelked\u0151 munk\u00e1j\u00e1\u00e9rt 10 f\u0151vel jutalomt\u00e1boroz\u00e1son vett r\u00e9szt. Gy\u00e1rl\u00e1togat\u00e1sok (Martf\u0171i cip\u0151gy\u00e1r, Tiszaivegyikombin\u00e1t, Egri doh\u00e1nygy\u00e1r, di\u0151sgy\u0151ri vas\u00f6nt\u00f6de, h\u00f3dmez\u0151v\u00e1s\u00e1helyim\u00e9rleggy\u00e1r).<\/p>\n<p style=\"text-align: justify;\"><strong>1973<\/strong> A kr\u00f3nik\u00e1s H\u00f6rcs\u00f6g \u0151rs kiemelked\u0151 munk\u00e1j\u00e1val orsz\u00e1gos I. helyez\u00e9st \u00e9rt el \u00e9s kapott egy lemezj\u00e1tsz\u00f3t. 10 f\u0151 a parlamenti feny\u0151\u00fcnnepen vett r\u00e9szt.&#8221;Galilei csillag\u00e1sz seg\u00e9dje voltam&#8221; &#8211; megyei I. helyet hozott el a Kepler \u0151rs. &#8222;Nem t\u00e9rk\u00e9p e t\u00e1j&#8221; akci\u00f3ban vil\u00e1gj\u00e1r\u00f3 \u00fatt\u00f6r\u0151ink az NDK-ban t\u00e1boroztak 20 napig. Az eg\u00e9sz iskola Pusztaszerre kir\u00e1ndult.<\/p>\n<p><strong>1974<\/strong> Az \u00fatt\u00f6r\u0151csapat elnyerte a KISZ KB V\u00f6r\u00f6s Selyemz\u00e1szl\u00f3 Szalagj\u00e1t. Rajnapl\u00f3 p\u00e1ly\u00e1zattal 2 hetes z\u00e1nkai t\u00e1boroz\u00e1st nyert az Ady Endre raj.<\/p>\n<p><strong>1975<\/strong> A Lenin tsz f\u00fcrd\u0151j\u00e9nek f\u00e1s\u00edt\u00e1s\u00e1ban 720 munka\u00f3r\u00e1val vettek r\u00e9szt az iskola tanul\u00f3i.<\/p>\n<p style=\"text-align: justify;\"><strong>1976<\/strong> A Magyar R\u00e1di\u00f3 \u00e1ltal meghirdetett \u00e9s szervezett \u00dcnnepi k\u00f6rt\u00e1nc orsz\u00e1gos vet\u00e9lked\u0151n III. helyez\u00e9st \u00e9rt el az iskola csapata. Jutalomk\u00e9nt 10 versenyz\u0151 2 hetes z\u00e1nkai t\u00e1boroz\u00e1son vett r\u00e9szt. Mindszent Nagyk\u00f6zs\u00e9gi Tan\u00e1cs M\u0171vel\u0151d\u00e9si Bizotts\u00e1ga k\u00f6sz\u00f6net\u00e9t fejezte ki \u00e9s dics\u00e9retben r\u00e9szes\u00edtette az iskol\u00e1t a ny\u00e1ri csal\u00e1di \u00fcnnepeken val\u00f3 szerepl\u00e9s\u00e9\u00e9rt.<\/p>\n<p style=\"text-align: justify;\"><strong>1977<\/strong> Az \u00c9nekl\u0151 Ifj\u00fas\u00e1g versenyen az \u00e9nekkar r\u00e1di\u00f3s felv\u00e9telt nyert. A f\u00e9mipart\u00f3l aj\u00e1nd\u00e9kba \u00f6lt\u00f6z\u0151t kapott az iskola a sportp\u00e1ly\u00e1ra. P\u00e1lyav\u00e1laszt\u00e1si j\u00e1r\u00e1si vet\u00e9lked\u0151n I. helyez\u00e9st \u00e9rt el a csapat. Az els\u0151 k\u00f6telez\u0151 iskolaorvosi vizsg\u00e1lat.<\/p>\n<p><strong>1978<\/strong> D\u00f3zsa Sportnapot szerveztek a nagyk\u00f6zs\u00e9g &#8222;apraja \u00e9s nagyja&#8221; sz\u00e1m\u00e1ra.<\/p>\n<p><strong>1979<\/strong> A Nemzetk\u00f6zi Gyermek\u00e9v alkalm\u00e1b\u00f3l egy tanul\u00f3 angliai t\u00e1boroz\u00e1son vett r\u00e9szt kiemelked\u0151 munk\u00e1j\u00e1\u00e9rt. Elk\u00e9sz\u00fclt a bitumenes p\u00e1lya.<\/p>\n<p><strong>1981<\/strong> Gyermeknapon \u00e1tadt\u00e1k a fah\u00e1zat, melyben helyet kapott a k\u00f6nyvt\u00e1r \u00e9s a klub.<\/p>\n<p style=\"text-align: justify;\"><strong>1982<\/strong> Kisdobos \u00e9nekkar alakult, akik megyei d\u00f6nt\u0151n I. helyez\u00e9st \u00e9rtek el. A fels\u0151s \u00e9nekkar ism\u00e9t r\u00e1di\u00f3s felv\u00e9telt nyert. A 30 \u00e9ves sz\u00fclet\u00e9snapon a meglepet\u00e9s n\u00e9gyemeletes \u00f3ri\u00e1storta volt, melyet B\u00e1nfi K\u00e1roly cukr\u00e1sz; az iskola volt tan\u00edtv\u00e1nya ir\u00e1ny\u00edt\u00e1s\u00e1val k\u00e9sz\u00edtettek<\/p>\n<p style=\"text-align: justify;\"><strong>1983<\/strong> Az iskola k\u00f3rusa elnyerte az \u00c9v k\u00f3rusa c\u00edmet. A f\u00e9mipar egy kont\u00e9nert aj\u00e1nd\u00e9kozott az iskol\u00e1nak, melyet \u00f6lt\u00f6z\u0151nek haszn\u00e1ltak. KISZ KB V\u00f6r\u00f6s Selyemz\u00e1szl\u00f3 Csillag kit\u00fcntet\u00e9st kapott az \u00fatt\u00f6r\u0151csapat.<\/p>\n<p style=\"text-align: justify;\"><strong>1984<\/strong> Teremts\u00fcnk \u00e9rt\u00e9ket \u2013 hullad\u00e9kgy\u0171jt\u0151 akci\u00f3ban jutalomk\u00e9nt 10 napos csilleb\u00e9rci t\u00e1boroz\u00e1st nyertek. KRESZ orsz\u00e1gos versenyen, Ny\u00edregyh\u00e1z\u00e1n 8. helyez\u00e9st \u00e9rt el egy tanul\u00f3, aki jutalomk\u00e9nt az NDK-ban t\u00e1borozhatott. Egy eg\u00e9sz nap Budapesten.<\/p>\n<p><strong>1987<\/strong> Nagym\u00e9ret\u0171 t\u00e1rsadalmi \u00f6sszefog\u00e1ssal elk\u00e9sz\u00fclt az iskola tornaterme. R\u00e9szv\u00e9tel a D\u00f3zs\u00e1sok tal\u00e1lkoz\u00f3j\u00e1n Tyukodon.<\/p>\n<p><strong>1988<\/strong> \u00cdr\u00f3-olvas\u00f3tal\u00e1lkoz\u00f3 Petrov\u00e1cz Istv\u00e1n ifj\u00fas\u00e1gi \u00edr\u00f3val. Kiv\u00e1l\u00f3 tanulm\u00e1nyi \u00e9s k\u00f6z\u00f6ss\u00e9gi munk\u00e1ja elismer\u00e9sek\u00e9nt k\u00e9t fi\u00fa tanul\u00f3 jutalom\u00faton volt a T\u00e1tr\u00e1ban.<\/p>\n<p style=\"text-align: justify;\"><strong>1989<\/strong> Sz\u00fcl\u0151f\u00f6ldem Magyarorsz\u00e1g akci\u00f3 keret\u00e9ben eg\u00e9sz \u00e9ves vet\u00e9lked\u0151sorozatra ker\u00fclt sor (k\u00e9peslapgy\u0171jt\u00e9s; a f\u0151v\u00e1ros, a megye, megyesz\u00e9khely \u00e9s Magyarorsz\u00e1g bemutat\u00e1sa k\u00e9pekben). Az els\u0151 iskolai r\u00e1di\u00f3s vet\u00e9lked\u0151 a fels\u0151s\u00f6knek.<\/p>\n<p style=\"text-align: justify;\"><strong>1990<\/strong> Megalakult a D\u00f3zsa Di\u00e1k\u00f6nkorm\u00e1nyzat. Feladata: A tanul\u00f3k \u00e9rdekk\u00e9pviselete, szabadid\u0151s programok, kultur\u00e1lis- \u00e9s sportversenyek szervez\u00e9se. Els\u0151 mesevet\u00e9lked\u0151 az als\u00f3soknak.<\/p>\n<p><strong>1991<\/strong> Fels\u0151 tagozatos helyt\u00f6rt\u00e9neti t\u00e1bor a tsz f\u00fcrd\u0151j\u00e9ben. A tanul\u00f3k Mindszent t\u00f6rt\u00e9net\u00e9t \u00e9s n\u00e9p\u00e9let\u00e9t dolgozt\u00e1k fel.<\/p>\n<p><strong>1992<\/strong> Az els\u0151 als\u00f3 tagozatos k\u00e9zm\u0171ves t\u00e1bor a f\u00fcrd\u0151ben.<\/p>\n<p style=\"text-align: justify;\"><strong>1993<\/strong> Smidt Egon (ornitol\u00f3gus) el\u0151ad\u00e1sa az iskol\u00e1ban. Hidegt\u00e1lk\u00e9sz\u00edt\u0151 versenyek kezdete.\u201e Az \u00e1llatok is szabadon szeretnek \u00e9lni \u201e c\u00edm\u0171 orsz\u00e1gos rajz p\u00e1ly\u00e1zaton 2. helyez\u00e9st \u00e9rt el egy tanul\u00f3. Jutalmul elutazhatott a gansendorfiSzafari Parkba. Mindszent v\u00e1ross\u00e1 avat\u00e1s\u00e1nak meg\u00fcnnepl\u00e9se.<\/p>\n<p><strong>1994<\/strong> Orsz\u00e1gh\u00e1zi l\u00e1togat\u00e1s. Elindult az &#8222;\u00c9vfolyam t\u00f6rt\u00e9n\u00e9sze&#8221; verseny. Megalakult az Iskolasz\u00e9k.<\/p>\n<p><strong>1995<\/strong> L\u00e9trej\u00f6tt az &#8222;Egy\u00fctt a D\u00f3zsa-telepi \u00c1ltal\u00e1nos Iskol\u00e1sok Jobb J\u00f6v\u0151j\u00e9\u00e9rt&#8221; Alap\u00edtv\u00e1ny. Honfoglal\u00e1s 1100. \u00e9vfordul\u00f3j\u00e1ra rendezett szentesi vet\u00e9lked\u0151n I. lett az iskola csapata.<\/p>\n<p style=\"text-align: justify;\"><strong>1996<\/strong> Els\u0151 v\u00e1rosismereti vet\u00e9lked\u0151. K\u00e1rp\u00e1taljai gyerekek fogad\u00e1sa.AMillecenten\u00e1rium meg\u00fcnnepl\u00e9se.&#8221;A magyar \u00e1llamis\u00e1g kezdetei&#8221; orsz\u00e1gos p\u00e1ly\u00e1zaton egy fi\u00fa tanul\u00f3 Mindszent honfoglal\u00e1s kori leletei c. p\u00e1ly\u00e1zat\u00e1val I. helyez\u00e9st \u00e9rt el.Az els\u0151 alap\u00edtv\u00e1nyi d\u00edjak \u00e1tad\u00e1sa (\u00c9v Tan\u00edt\u00f3ja, \u00c9v Tan\u00e1ra, \u00c9v Tanul\u00f3ja, \u00c9v oszt\u00e1lya, D\u00f3zsa-d\u00edj).<\/p>\n<p><strong>1997<\/strong> Az els\u0151 j\u00f3t\u00e9konys\u00e1gi b\u00e1l.<\/p>\n<p style=\"text-align: justify;\"><strong>1998<\/strong> \u00d6nfejleszt\u0151 Iskol\u00e1k Egyes\u00fclete tags\u00e1gi viszony\u00e1nak kezdete. A V\u00e1rosismereti vet\u00e9lked\u0151 els\u0151 kup\u00e1j\u00e1nak v\u00e9gleges elnyer\u00e9se.<\/p>\n<p><strong>1999<\/strong> M\u00e9lt\u00f3 helyre k\u00f6lt\u00f6z\u00f6tt az iskola k\u00f6nyvt\u00e1ra (5131 db k\u00f6nyvvel) Helyt\u00f6rt\u00e9neti p\u00e1ly\u00e1zat: Haz\u00e1m Magyarorsz\u00e1g I. hely.<\/p>\n<p><strong>2000<\/strong> Millenniumi \u00fcnnepi m\u0171sor a Mindszenti Napokon. Muzslyaivend\u00e9gszerepl\u00e9s a m\u0171sorral.<\/p>\n<p><strong>2001<\/strong> \u201e \u00c9l a Tisza !\u201d orsz\u00e1gos k\u00f6rnyezetv\u00e9delmi p\u00e1ly\u00e1zaton 4. helyez\u00e9st \u00e9rt el a csapat. Iskolanapok. \u00dcnnepi m\u0171sor a Gazd\u00e1k Napj\u00e1n.\u00a0 Muzslyaivend\u00e9gszerepl\u00e9s: a Magyarnak lenni m\u0171sor \u0151sbemutat\u00f3ja.<\/p>\n<p style=\"text-align: justify;\"><strong>2002<\/strong> A V\u00e1rosismereti vet\u00e9lked\u0151 m\u00e1sodik kup\u00e1j\u00e1nak v\u00e9gleges elnyer\u00e9se. Sportp\u00e1lya fel\u00faj\u00edt\u00e1sa. \u00dcnnepi m\u0171sor Mindszent \u00fajratelep\u00edt\u00e9s\u00e9nek 300. \u00e9vfordul\u00f3j\u00e1ra a Mindszenti Napokon. Muzslyai vend\u00e9gszerepl\u00e9s.<\/p>\n<p><strong>2003<\/strong> Vet\u00e9lked\u0151 az Eur\u00f3pai Uni\u00f3r\u00f3l. T\u00f6rt\u00e9nelem feladatmegold\u00f3 orsz\u00e1gos versenyen egy fi\u00fa tanul\u00f3 I. helyez\u00e9st \u00e9rt el. J\u00falius 1. az \u00f6n\u00e1ll\u00f3 igazgat\u00f3s\u00e1g megsz\u0171n\u00e9se. T\u00e1ncverseny az iskol\u00e1ban. Hal\u00e1k L\u00e1szl\u00f3 a 7. oszt\u00e1ly vend\u00e9ge.<\/p>\n<p><strong>2004<\/strong> Egy fi\u00fa tanul\u00f3 orsz\u00e1gos n\u00e9met nyelvi versenyen 6. helyez\u00e9st \u00e9rt el, mellyel alapfok\u00fa nyelvvizsg\u00e1t szerzett. A horgosi iskola megh\u00edv\u00e1s\u00e1ra 4 f\u0151 egy h\u00e9tig t\u00e1borozott Horgoson. Fenyvesi F\u00e9lix Lajos \u00edr\u00f3 vend\u00e9geskedett az iskol\u00e1ban. Orsz\u00e1gos N\u00e9pdal\u00e9nekl\u00e9si versenyen a Sz\u00e1zszorsz\u00e9p tri\u00f3 bronzmin\u0151s\u00edt\u00e9st kapott.<\/p>\n<h1 style=\"text-align: center;\">A Mindszenti \u00c1ltal\u00e1nos Iskola t\u00f6rt\u00e9nete<\/h1>\n<h1 style=\"text-align: center;\">\u00a0<a href=\"\/wp-content\/uploads\/2015\/08\/mindszentiskola.jpg\"><img loading=\"lazy\" decoding=\"async\" class=\"alignnone size-full wp-image-163\" src=\"\/wp-content\/uploads\/2015\/08\/mindszentiskola.jpg\" alt=\"mindszentiskola\" width=\"178\" height=\"152\" \/><\/a><\/h1>\n<p style=\"text-align: center;\"><strong>2003 a<\/strong><strong> nagy v\u00e1ltoz\u00e1s \u00e9ve<\/strong><br \/>\nMegalakul a Mindszenti \u00c1ltal\u00e1nos Iskola<br \/>\n<strong>Az int\u00e9zm\u00e9ny alapeszm\u00e9je:<\/strong><\/p>\n<p>\u201eA mi iskol\u00e1nk alapvet\u0151 c\u00e9lj\u00e1nak tekinti a kiegyens\u00falyozott, \u00e9rzelem gazdag, \u00f6n\u00e1ll\u00f3, \u00f6nmaga \u00e9s m\u00e1sok ir\u00e1nt ig\u00e9nyes gyermek nevel\u00e9s\u00e9t, akinek fontos az eredm\u00e9nyes munka, a tanul\u00e1s, a m\u0171velts\u00e9g megszerz\u00e9s\u00e9nek ig\u00e9nye, \u00e9s a t\u00e1rsadalom \u00e1ltal elfogadott erk\u00f6lcsi norm\u00e1k szerint igyekszik megval\u00f3s\u00edtani egy\u00e9ni \u00e9s k\u00f6z\u00f6ss\u00e9gi c\u00e9ljait. A gyermeknek lehet\u0151s\u00e9get kell kapnia, hogy el\u00e9rje teljes\u00edt\u0151k\u00e9pess\u00e9g\u00e9nek maximum\u00e1t, k\u00e9pess\u00e9geinek, ismereteinek birtok\u00e1ban tudja j\u00f6v\u0151j\u00e9t tervezni. Arra t\u00f6reksz\u00fcnk, hogy olyan \u00f6nfejleszt\u0151, alkotni k\u00e9pes, eg\u00e9szs\u00e9ges szem\u00e9lyis\u00e9gg\u00e9 v\u00e1ljon, aki b\u00edzik \u00f6nmag\u00e1ban, felel\u0151ss\u00e9get \u00e9rez \u00f6nmaga, embert\u00e1rsai \u00e9s k\u00f6rnyezete ir\u00e1nt.\u201d<\/p>\n<p>A 2003. \u00e9vi int\u00e9zm\u00e9nyi \u00f6sszevon\u00e1s k\u00f6vetkezt\u00e9ben, a v\u00e1ros egyetlen \u00e1ltal\u00e1nos iskol\u00e1j\u00e1nak olyan alapokat kell biztos\u00edtani di\u00e1kjai sz\u00e1m\u00e1ra, amelyek birtok\u00e1ban a 8. oszt\u00e1ly elv\u00e9g\u00e9se ut\u00e1n b\u00e1rmely k\u00f6z\u00e9piskol\u00e1ban meg\u00e1llj\u00e1k a hely\u00fcket. Ez\u00e9rt k\u00fcl\u00f6n\u00f6sen fontos az, hogy a k\u00e9pess\u00e9gkibontakoztat\u00e1s, felz\u00e1rk\u00f3ztat\u00e1s az iskola rendszer\u00e9ben minden ter\u00fcletre, tant\u00e1rgyra kiterjedjen, annak \u00e9rdek\u00e9ben, hogy a k\u00f6z\u00e9piskol\u00e1k \u00e1ltal elismert eddigi eredm\u00e9nyeinket megtarthassuk.<\/p>\n<p>A Mindszenti \u00e1ltal\u00e1nos Iskola az oktat\u00f3-nevel\u0151 munk\u00e1j\u00e1n t\u00fal a tov\u00e1bbiakban is szerepl\u0151je k\u00edv\u00e1n lenni a kisv\u00e1ros kultur\u00e1lis \u00e9let\u00e9nek, fenntartva kapcsolat\u00e1t az \u00f6nkorm\u00e1nyzattal \u00e9s annak int\u00e9zm\u00e9nyeivel, a civil szervezetekkel. A v\u00e1rosi \u00e9s egy\u00e9b rendezv\u00e9nyeken val\u00f3 sz\u00ednvonalas szerepl\u00e9ssel, r\u00e9szv\u00e9tellel hozz\u00e1 k\u00edv\u00e1n j\u00e1rulni azok siker\u00e9hez.<\/p>\n<p>Sz\u00ednvonalas pedag\u00f3giai munk\u00e1val biztos\u00edtani k\u00edv\u00e1njuk a felt\u00e9teleket a tanul\u00f3i szem\u00e9lyis\u00e9g sokoldal\u00fa fejl\u0151d\u00e9s\u00e9hez. Mindezt egy\u00fcttm\u0171k\u00f6dve a sz\u00fcl\u0151kkel, akiknek meg kell adni a lehet\u0151s\u00e9get, hogy min\u00e9l sz\u00e9lesebb k\u00f6rben t\u00e1j\u00e9koz\u00f3djanak az iskolai \u00e9letr\u0151l, gyermekeik halad\u00e1s\u00e1r\u00f3l. Az \u00f6nkorm\u00e1nyzat \u00e1ltal felv\u00e1llalt finansz\u00edroz\u00e1s mellett meg kell keresn\u00fcnk azon p\u00e1ly\u00e1zati forr\u00e1sokat, amelyek anyagi fedezetet ny\u00fajtanak a pedag\u00f3giai munka, az infrastrukt\u00fara fejleszt\u00e9s\u00e9hez, annak \u00e9rdek\u00e9ben, hogy az int\u00e9zm\u00e9ny az iskolahaszn\u00e1l\u00f3k elv\u00e1r\u00e1sai szerint m\u0171k\u00f6dj\u00e9k.<br \/>\n<strong>Az iskol\u00e1ban foly\u00f3 oktat\u00f3-nevel\u0151 munka c\u00e9ljai:<\/strong><\/p>\n<ul>\n<li>Pozit\u00edv szem\u00e9lyis\u00e9gjegyek, re\u00e1lis \u00f6nismeret, \u00f6n\u00e9rt\u00e9kel\u00e9s kialak\u00edt\u00e1sa<\/li>\n<li>Szil\u00e1rd, biztos, a tov\u00e1bbtanul\u00e1st biztos\u00edt\u00f3 ismeretek ny\u00fajt\u00e1sa, \u00e9rtelmi, k\u00fcl\u00f6n\u00f6sen az \u00f6n\u00e1ll\u00f3 ismeretszerz\u00e9shez sz\u00fcks\u00e9ges k\u00e9pess\u00e9gek fejleszt\u00e9se.<\/li>\n<li>Eg\u00e9szs\u00e9ges \u00e9letm\u00f3d, a term\u00e9szet szeretet\u00e9re, v\u00e9delm\u00e9re val\u00f3 ig\u00e9ny, k\u00f6rnyezettudatos magatart\u00e1s kialak\u00edt\u00e1sa.<\/li>\n<\/ul>\n<p>A hat\u00e9kony iskolai oktat\u00e1s \u00e9rdek\u00e9ben az int\u00e9zm\u00e9ny innov\u00e1ci\u00f3s tev\u00e9kenys\u00e9grendszer\u00e9be be\u00e9p\u00fclnek a k\u00fcl\u00f6nb\u00f6z\u0151 m\u00e9r\u00e9sek, pedag\u00f3giai vizsg\u00e1latok programok.<\/p>\n","protected":false},"excerpt":{"rendered":"<p>A K\u00f6zponti \u00c1ltal\u00e1nos Iskola t\u00f6rt\u00e9nete 1952 &#8211; A belter\u00fcleti iskola elnevez\u00e9se K\u00f6zponti \u00c1ltal\u00e1nos Iskol\u00e1ra v\u00e1ltozott 1952\/53 &#8211; Dolgoz\u00f3k \u00e1ltal\u00e1nos iskol\u00e1ja indul, mely nagyban hozz\u00e1j\u00e1rul az \u00edr\u00e1studatlans\u00e1g cs\u00f6kkent\u00e9s\u00e9hez. 1958 &#8211; Kiseg\u00edt\u0151 iskolai csoport oktat\u00e1sa indul, mely kis l\u00e9tsz\u00e1mmal a mai napig m\u0171k\u00f6dik 1963\/65 &#8211; N\u00e9gy tantermes gimn\u00e1zium \u00e9p\u00fcl, mely azonban nem [&hellip;]<\/p>\n","protected":false},"author":1,"featured_media":0,"parent":2,"menu_order":0,"comment_status":"closed","ping_status":"closed","template":"","meta":{"footnotes":""},"class_list":["post-42","page","type-page","status-publish","hentry"],"_links":{"self":[{"href":"\/index.php?rest_route=\/wp\/v2\/pages\/42","targetHints":{"allow":["GET"]}}],"collection":[{"href":"\/index.php?rest_route=\/wp\/v2\/pages"}],"about":[{"href":"\/index.php?rest_route=\/wp\/v2\/types\/page"}],"author":[{"embeddable":true,"href":"\/index.php?rest_route=\/wp\/v2\/users\/1"}],"replies":[{"embeddable":true,"href":"\/index.php?rest_route=%2Fwp%2Fv2%2Fcomments&post=42"}],"version-history":[{"count":4,"href":"\/index.php?rest_route=\/wp\/v2\/pages\/42\/revisions"}],"predecessor-version":[{"id":160,"href":"\/index.php?rest_route=\/wp\/v2\/pages\/42\/revisions\/160"}],"up":[{"embeddable":true,"href":"\/index.php?rest_route=\/wp\/v2\/pages\/2"}],"wp:attachment":[{"href":"\/index.php?rest_route=%2Fwp%2Fv2%2Fmedia&parent=42"}],"curies":[{"name":"wp","href":"https:\/\/api.w.org\/{rel}","templated":true}]}}