{"id":3682,"date":"2022-10-25T14:12:21","date_gmt":"2022-10-25T14:12:21","guid":{"rendered":"http:\/\/mindszentiskola.hu\/?page_id=3682"},"modified":"2022-10-25T14:12:21","modified_gmt":"2022-10-25T14:12:21","slug":"gyakornoki-szabalyzat","status":"publish","type":"page","link":"\/?page_id=3682","title":{"rendered":"Gyakornoki szab\u00e1lyzat"},"content":{"rendered":"<p><a href=\"\/wp-content\/uploads\/2022\/10\/MINDSZENTI-\u00c1LTAL\u00c1NOS-ISKOLA-gyakornoki-szab\u00e1lyzata-jav\u00edtott.pdf\">Gyakornoki szab\u00e1lyzat<\/a><\/p>\n","protected":false},"excerpt":{"rendered":"<p>Gyakornoki szab\u00e1lyzat<\/p>\n","protected":false},"author":1,"featured_media":0,"parent":0,"menu_order":0,"comment_status":"closed","ping_status":"closed","template":"","meta":{"footnotes":""},"class_list":["post-3682","page","type-page","status-publish","hentry"],"_links":{"self":[{"href":"\/index.php?rest_route=\/wp\/v2\/pages\/3682","targetHints":{"allow":["GET"]}}],"collection":[{"href":"\/index.php?rest_route=\/wp\/v2\/pages"}],"about":[{"href":"\/index.php?rest_route=\/wp\/v2\/types\/page"}],"author":[{"embeddable":true,"href":"\/index.php?rest_route=\/wp\/v2\/users\/1"}],"replies":[{"embeddable":true,"href":"\/index.php?rest_route=%2Fwp%2Fv2%2Fcomments&post=3682"}],"version-history":[{"count":1,"href":"\/index.php?rest_route=\/wp\/v2\/pages\/3682\/revisions"}],"predecessor-version":[{"id":3684,"href":"\/index.php?rest_route=\/wp\/v2\/pages\/3682\/revisions\/3684"}],"wp:attachment":[{"href":"\/index.php?rest_route=%2Fwp%2Fv2%2Fmedia&parent=3682"}],"curies":[{"name":"wp","href":"https:\/\/api.w.org\/{rel}","templated":true}]}}