{"id":3556,"date":"2022-09-04T14:14:28","date_gmt":"2022-09-04T14:14:28","guid":{"rendered":"http:\/\/mindszentiskola.hu\/?page_id=3556"},"modified":"2022-09-04T14:14:28","modified_gmt":"2022-09-04T14:14:28","slug":"napkozi-erzsebet-tabor-a-mindszenti-altalanos-iskolaban","status":"publish","type":"page","link":"\/?page_id=3556","title":{"rendered":"Napk\u00f6zi Erzs\u00e9bet-t\u00e1bor a Mindszenti \u00c1ltal\u00e1nos Iskol\u00e1ban"},"content":{"rendered":"<p style=\"text-align: justify;\">2022.06.20-06.24 k\u00f6zt negyven als\u00f3 tagozatos gyermek t\u00e1boroztat\u00e1sa val\u00f3sult meg.<br \/>\nA programtervek megval\u00f3s\u00edt\u00e1sakor az Alap\u00edtv\u00e1ny \u00e1ltal meghat\u00e1rozott \u00f6t k\u00f6telez\u0151 programelemet kellett felhaszn\u00e1lni:<br \/>\n\u2022\u00a0\u00a0 \u00a0\u00d6nismeret, k\u00f6z\u00f6ss\u00e9g\u00e9p\u00edt\u00e9s, kompetenciafejleszt\u00e9s,<br \/>\n\u2022\u00a0\u00a0 \u00a0Sport, eg\u00e9szs\u00e9gtudatos \u00e9letm\u00f3d,<br \/>\n\u2022\u00a0\u00a0 \u00a0K\u00f6rnyezettudatoss\u00e1g, term\u00e9szeti \u00e9rt\u00e9keink \u00e9s k\u00f6rnyezetsz\u00e9p\u00edt\u00e9s,<br \/>\n\u2022\u00a0\u00a0 \u00a0M\u0171v\u00e9szeti nevel\u00e9s, kultur\u00e1lis \u00f6r\u00f6ks\u00e9geink, hagyom\u00e1ny\u0151rz\u00e9s, k\u00e9zm\u0171vess\u00e9g,<br \/>\n\u2022\u00a0\u00a0 \u00a0Kir\u00e1ndul\u00e1s<br \/>\nAz els\u0151 t\u00e1bor a \u201eSz\u00fcl\u0151f\u00f6ldem sz\u00e9p hat\u00e1ra\u201d c\u00edmet kapta. A n\u00e9gy \u00e1lland\u00f3 \u00e9s a beseg\u00edt\u0151 pedag\u00f3gusoknak k\u00f6sz\u00f6nhet\u0151en a t\u00e1bor programja sz\u00e1mos \u00e9lm\u00e9nyelemmel gazdag\u00edtva, \u00e9rt\u00e9kes id\u0151t\u00f6lt\u00e9st biztos\u00edtott a t\u00e1boroz\u00f3 gyermekek sz\u00e1m\u00e1ra.\u00a0 Az \u00e9tkeztet\u00e9st a Birkacs\u00e1rda csapata val\u00f3s\u00edtotta meg. H\u00e9tf\u0151n a parkban kialak\u00edtott, t\u00f6bb \u00e1llom\u00e1sos Minden \u00fat Mindszentre vezet elnevez\u00e9s\u0171 akad\u00e1lyp\u00e1ly\u00e1n, menetlev\u00e9llel felszerelkezve ismerkedtek meg a gyerekek a k\u00f6rnyez\u0151 telep\u00fcl\u00e9sek jellegzetess\u00e9g\u00e9vel. A keddi nap gyalogt\u00far\u00e1val kezd\u0151d\u00f6tt a Kurca-parti tan\u00f6sv\u00e9nyre, ahol a szervez\u0151k \u00e1ltal el\u0151re kihelyezett GEO l\u00e1d\u00e1k seg\u00edts\u00e9g\u00e9vel figyelt\u00e9k meg a v\u00edzpart \u00e9l\u0151vil\u00e1g\u00e1t. Szerda d\u00e9lel\u0151tt a Grimm-Busz Sz\u00ednh\u00e1z vid\u00e1m el\u0151ad\u00e1s\u00e1n der\u00fcltek, majd a d\u00e9lut\u00e1n folyam\u00e1n a Keller Lajos V\u00e1rosi K\u00f6nyvt\u00e1r \u00e9s Kultur\u00e1lis K\u00f6zpontot vett\u00e9k birtokba. A m\u00fazeumpedag\u00f3giai foglalkoz\u00e1s keretein bel\u00fcl k\u00fcl\u00f6nb\u00f6z\u0151 n\u00e9pi mesters\u00e9gekhez kapcsol\u00f3d\u00f3 k\u00e9zm\u0171ves technik\u00e1kat pr\u00f3b\u00e1ltak ki, mint p\u00e9ld\u00e1ul a vessz\u0151fon\u00e1s, nemezel\u00e9s, zsin\u00f3rk\u00f6t\u00e9s \u201ek\u00f6rm\u00f6csk\u00e9vel\u201d. A cs\u00fct\u00f6rt\u00f6k a kir\u00e1ndul\u00e1s jegy\u00e9ben telt. Els\u0151 \u00e1llom\u00e1sunk Szarvason a K\u00f6r\u00f6sv\u00f6lgyi \u00c1llatpark volt, majd a Mini Magyarorsz\u00e1g makettjei k\u00f6zt bebarangolt\u00e1k haz\u00e1nkat. P\u00e9ntek reggel a kemenc\u00e9ben frissen s\u00fclt keny\u00e9r illata cs\u00e1b\u00edtotta a csapatot a Helyt\u00f6rt\u00e9neti M\u00fazeum kertj\u00e9be, amit j\u00f3\u00edz\u0171en fogyasztottak a gyerekek. Ezut\u00e1n ism\u00e9t egy \u00e9rdekes \u00e9s tanuls\u00e1gos m\u00fazeumpedag\u00f3giai foglalkoz\u00e1s v\u00e1rt r\u00e1juk, betekint\u00e9st nyertek az \u0151si mesteremberek mindennapjaiba, majd a h\u00e9t sor\u00e1n szerzett \u00e9lm\u00e9nyek feleleven\u00edt\u00e9s\u00e9vel z\u00e1rtuk d\u00e9lut\u00e1n a t\u00e1bort.<\/p>\n\n\t\t<style type=\"text\/css\">\n\t\t\t#gallery-1 {\n\t\t\t\tmargin: auto;\n\t\t\t}\n\t\t\t#gallery-1 .gallery-item {\n\t\t\t\tfloat: left;\n\t\t\t\tmargin-top: 10px;\n\t\t\t\ttext-align: center;\n\t\t\t\twidth: 25%;\n\t\t\t}\n\t\t\t#gallery-1 img {\n\t\t\t\tborder: 2px solid #cfcfcf;\n\t\t\t}\n\t\t\t#gallery-1 .gallery-caption {\n\t\t\t\tmargin-left: 0;\n\t\t\t}\n\t\t\t\/* see gallery_shortcode() in wp-includes\/media.php *\/\n\t\t<\/style>\n\t\t<div id='gallery-1' class='gallery galleryid-3556 gallery-columns-4 gallery-size-medium'><dl class='gallery-item'>\n\t\t\t<dt class='gallery-icon landscape'>\n\t\t\t\t<a href='\/?attachment_id=3557'><img loading=\"lazy\" decoding=\"async\" width=\"300\" height=\"201\" src=\"\/wp-content\/uploads\/2022\/09\/296501489_1202412860535533_7023387707572643273_n-300x201.png\" class=\"attachment-medium size-medium\" alt=\"\" srcset=\"\/wp-content\/uploads\/2022\/09\/296501489_1202412860535533_7023387707572643273_n-300x201.png 300w, \/wp-content\/uploads\/2022\/09\/296501489_1202412860535533_7023387707572643273_n.png 357w\" sizes=\"auto, (max-width: 300px) 100vw, 300px\" \/><\/a>\n\t\t\t<\/dt><\/dl><dl class='gallery-item'>\n\t\t\t<dt class='gallery-icon landscape'>\n\t\t\t\t<a href='\/?attachment_id=3558'><img loading=\"lazy\" decoding=\"async\" width=\"300\" height=\"195\" src=\"\/wp-content\/uploads\/2022\/09\/296587991_750720139530066_1065774853104758721_n-300x195.png\" class=\"attachment-medium size-medium\" alt=\"\" srcset=\"\/wp-content\/uploads\/2022\/09\/296587991_750720139530066_1065774853104758721_n-300x195.png 300w, \/wp-content\/uploads\/2022\/09\/296587991_750720139530066_1065774853104758721_n.png 349w\" sizes=\"auto, (max-width: 300px) 100vw, 300px\" \/><\/a>\n\t\t\t<\/dt><\/dl><dl class='gallery-item'>\n\t\t\t<dt class='gallery-icon landscape'>\n\t\t\t\t<a href='\/?attachment_id=3559'><img loading=\"lazy\" decoding=\"async\" width=\"300\" height=\"196\" src=\"\/wp-content\/uploads\/2022\/09\/296630675_5144738945653531_4977605039371013792_n-300x196.png\" class=\"attachment-medium size-medium\" alt=\"\" srcset=\"\/wp-content\/uploads\/2022\/09\/296630675_5144738945653531_4977605039371013792_n-300x196.png 300w, \/wp-content\/uploads\/2022\/09\/296630675_5144738945653531_4977605039371013792_n.png 357w\" sizes=\"auto, (max-width: 300px) 100vw, 300px\" \/><\/a>\n\t\t\t<\/dt><\/dl><dl class='gallery-item'>\n\t\t\t<dt class='gallery-icon landscape'>\n\t\t\t\t<a href='\/?attachment_id=3560'><img loading=\"lazy\" decoding=\"async\" width=\"300\" height=\"197\" src=\"\/wp-content\/uploads\/2022\/09\/296746580_5213833208671691_1178403178903751223_n-300x197.png\" class=\"attachment-medium size-medium\" alt=\"\" srcset=\"\/wp-content\/uploads\/2022\/09\/296746580_5213833208671691_1178403178903751223_n-300x197.png 300w, \/wp-content\/uploads\/2022\/09\/296746580_5213833208671691_1178403178903751223_n.png 355w\" sizes=\"auto, (max-width: 300px) 100vw, 300px\" \/><\/a>\n\t\t\t<\/dt><\/dl><br style=\"clear: both\" \/><dl class='gallery-item'>\n\t\t\t<dt class='gallery-icon landscape'>\n\t\t\t\t<a href='\/?attachment_id=3561'><img loading=\"lazy\" decoding=\"async\" width=\"300\" height=\"196\" src=\"\/wp-content\/uploads\/2022\/09\/296774686_1026090984775314_5414410224254694383_n-300x196.png\" class=\"attachment-medium size-medium\" alt=\"\" srcset=\"\/wp-content\/uploads\/2022\/09\/296774686_1026090984775314_5414410224254694383_n-300x196.png 300w, \/wp-content\/uploads\/2022\/09\/296774686_1026090984775314_5414410224254694383_n.png 363w\" sizes=\"auto, (max-width: 300px) 100vw, 300px\" \/><\/a>\n\t\t\t<\/dt><\/dl><dl class='gallery-item'>\n\t\t\t<dt class='gallery-icon portrait'>\n\t\t\t\t<a href='\/?attachment_id=3562'><img loading=\"lazy\" decoding=\"async\" width=\"245\" height=\"267\" src=\"\/wp-content\/uploads\/2022\/09\/296787343_745322173411853_6767113223951033289_n.png\" class=\"attachment-medium size-medium\" alt=\"\" \/><\/a>\n\t\t\t<\/dt><\/dl><dl class='gallery-item'>\n\t\t\t<dt class='gallery-icon landscape'>\n\t\t\t\t<a href='\/?attachment_id=3563'><img loading=\"lazy\" decoding=\"async\" width=\"300\" height=\"201\" src=\"\/wp-content\/uploads\/2022\/09\/296931027_2895856417383967_2244246590585989954_n-300x201.png\" class=\"attachment-medium size-medium\" alt=\"\" srcset=\"\/wp-content\/uploads\/2022\/09\/296931027_2895856417383967_2244246590585989954_n-300x201.png 300w, \/wp-content\/uploads\/2022\/09\/296931027_2895856417383967_2244246590585989954_n.png 355w\" sizes=\"auto, (max-width: 300px) 100vw, 300px\" \/><\/a>\n\t\t\t<\/dt><\/dl><dl class='gallery-item'>\n\t\t\t<dt class='gallery-icon landscape'>\n\t\t\t\t<a href='\/?attachment_id=3564'><img loading=\"lazy\" decoding=\"async\" width=\"300\" height=\"167\" src=\"\/wp-content\/uploads\/2022\/09\/297235817_735968774174920_7154580118756351957_n-300x167.png\" class=\"attachment-medium size-medium\" alt=\"\" srcset=\"\/wp-content\/uploads\/2022\/09\/297235817_735968774174920_7154580118756351957_n-300x167.png 300w, \/wp-content\/uploads\/2022\/09\/297235817_735968774174920_7154580118756351957_n.png 355w\" sizes=\"auto, (max-width: 300px) 100vw, 300px\" \/><\/a>\n\t\t\t<\/dt><\/dl><br style=\"clear: both\" \/>\n\t\t<\/div>\n\n<p style=\"text-align: justify;\">2. T\u00e1bor<br \/>\nNapk\u00f6zi Erzs\u00e9bet-t\u00e1bor a Mindszenti \u00c1ltal\u00e1nos Iskol\u00e1ban<\/p>\n<p>2022.06.27-07.01. k\u00f6zt huszonn\u00e9gy als\u00f3 tagozatos gyermek vette ism\u00e9t birtokba az iskola \u00e9p\u00fclet\u00e9t.<br \/>\nA programtervek megval\u00f3s\u00edt\u00e1sakor itt is fel kellett haszn\u00e1lni az Alap\u00edtv\u00e1ny \u00e1ltal meghat\u00e1rozott \u00f6t k\u00f6telez\u0151 programelemet:<br \/>\n\u2022\u00a0\u00a0 \u00a0\u00d6nismeret, k\u00f6z\u00f6ss\u00e9g\u00e9p\u00edt\u00e9s, kompetenciafejleszt\u00e9s,<br \/>\n\u2022\u00a0\u00a0 \u00a0Sport, eg\u00e9szs\u00e9gtudatos \u00e9letm\u00f3d,<br \/>\n\u2022\u00a0\u00a0 \u00a0K\u00f6rnyezettudatoss\u00e1g, term\u00e9szeti \u00e9rt\u00e9keink \u00e9s k\u00f6rnyezetsz\u00e9p\u00edt\u00e9s,<br \/>\n\u2022\u00a0\u00a0 \u00a0M\u0171v\u00e9szeti nevel\u00e9s, kultur\u00e1lis \u00f6r\u00f6ks\u00e9geink, hagyom\u00e1ny\u0151rz\u00e9s, k\u00e9zm\u0171vess\u00e9g,<br \/>\n\u2022\u00a0\u00a0 \u00a0Kir\u00e1ndul\u00e1s<br \/>\nA m\u00e1sodik t\u00e1bor a \u201e Die kleine Raupe Nimmersatt\u201d c\u00edmet kapta. A k\u00e9t \u00e1lland\u00f3 \u00e9s a beseg\u00edt\u0151 pedag\u00f3gusoknak k\u00f6sz\u00f6nhet\u0151en a t\u00e1bor programja sz\u00e1mos \u00e9lm\u00e9nyelemmel gazdag\u00edtva, ism\u00e9t \u00e9rt\u00e9kes id\u0151t\u00f6lt\u00e9st biztos\u00edtott a t\u00e1boroz\u00f3 gyermekek sz\u00e1m\u00e1ra.\u00a0 Az \u00e9tkeztet\u00e9st ez\u00fattal is a Birkacs\u00e1rda csapata val\u00f3s\u00edtotta meg. A t\u00e1bor el\u00e9rte c\u00e9lj\u00e1t, miszerint tan\u00edtv\u00e1nyaink egy mes\u00e9n kereszt\u00fcl j\u00e1t\u00e9kos form\u00e1ban ismerkedhessenek a n\u00e9met nyelvvel.\u00a0 H\u00e9tf\u0151n ismerked\u0151s j\u00e1t\u00e9kokat j\u00e1tszottunk, t\u00e1bordalt tanultunk, megismerkedt\u00fcnk a t\u00e1bor c\u00edmad\u00f3 herny\u00f3csk\u00e1j\u00e1val: Eric Carle-Die kleine Raupe Nimmersatt. A h\u00e9t sor\u00e1n elsaj\u00e1t\u00edtottunk egy p\u00e1r n\u00e9met kifejez\u00e9st: a h\u00e9t napjait, a mes\u00e9ben el\u0151fordul\u00f3 gy\u00fcm\u00f6lcs\u00f6k \u00e9s z\u00f6lds\u00e9gek neveit, a sz\u00edneket. Mesek\u00f6nyvet, sz\u00ednes pap\u00edrb\u00f3l herny\u00f3csk\u00e1t k\u00e9sz\u00edtettek. Kedden egy gyalogt\u00fara a Tisza-partra tette pr\u00f3b\u00e1ra gyermekeinket. A d\u00e9lut\u00e1nt a h\u0151s\u00e9griad\u00f3 miatt az iskola \u00e9p\u00fclet\u00e9ben t\u00f6lt\u00f6tt\u00fck. Programsorozatunkat lepkefa \u00e9s pillang\u00f3 b\u00e1bok k\u00e9sz\u00edt\u00e9s\u00e9vel t\u00f6lt\u00f6tt\u00fck el az \u00fajrahasznos\u00edt\u00e1s jegy\u00e9ben. Szerd\u00e1n egy t\u00f6bb \u00e1llom\u00e1sos vet\u00e9lked\u0151t szervezt\u00fcnk, amely az eg\u00e9szs\u00e9ges \u00e9letm\u00f3d tudatos\u00edt\u00e1s\u00e1t seg\u00edtette. D\u00e9lut\u00e1n ell\u00e1togattunk a H\u00e9t Hal\u00e1sz Vend\u00e9gh\u00e1zba, ahol a gyerekek m\u00fazeumpedag\u00f3giai foglalkoz\u00e1son vehettek r\u00e9szt. A szervez\u0151k \u201eforg\u00f3sz\u00ednpad\u201d szer\u0171en fogadt\u00e1k a csoportokra osztott gyerekeket. Megismerkedhettek a m\u00e9h\u00e9sz munk\u00e1j\u00e1val, megfoghatt\u00e1k \u00e9s kipr\u00f3b\u00e1lhatt\u00e1k eszk\u00f6zeit, v\u00e9d\u0151felszerel\u00e9s\u00e9t. K\u00e9sz\u00edthettek m\u00e9hviaszb\u00f3l gyerty\u00e1t, d\u00edsz\u00edthettek m\u00e9zeskal\u00e1csot. A cs\u00fct\u00f6rt\u00f6k ezen a h\u00e9ten is a kir\u00e1ndul\u00e1s napja volt.\u00a0 Els\u0151 \u00e1llom\u00e1sk\u00e9nt a Szegedi Tudom\u00e1nyegyetem F\u00fcv\u00e9szkertj\u00e9be l\u00e1togattunk el. A Tr\u00f3pusi lepkekert, Orchidea-, \u00e9s P\u00e1fr\u00e1nyh\u00e1zban a n\u00f6v\u00e9nyi sokf\u00e9les\u00e9g mellett az \u00e1llatvil\u00e1g rep\u00fcl\u0151 \u00e9kszereit, a tr\u00f3pusi pillang\u00f3kat is megcsod\u00e1lhattuk. K\u00fcl\u00f6n \u00e9lm\u00e9ny\u00a0volt, hogy ezek a csod\u00e1latos \u00e9l\u0151l\u00e9nyek szabadon repkedtek k\u00f6r\u00fcl\u00f6tt\u00fcnk. M\u00e1sodik \u00e1llom\u00e1sk\u00e9nt a M\u00f3ra Ferenc M\u00fazeumba l\u00e1togattunk, ahol megtekintett\u00fck a k\u00f6rnyezettudom\u00e1nyi, az indi\u00e1n, illetve a M\u00f3ra meseerd\u0151 \u00e1lland\u00f3 ki\u00e1ll\u00edt\u00e1st. A k\u00e1nikula miatt a d\u00e9lel\u0151tti k\u00e9zm\u0171ves foglalkoz\u00e1sunk ism\u00e9t az iskola falai k\u00f6zt val\u00f3sult meg. A gyerekekkel szappant k\u00e9sz\u00edtett\u00fcnk, majd a mes\u00e9vel kapcsolatos k\u00e9peket festett\u00fcnk k\u00f6vekre. A t\u00e1bort a h\u00e9t sor\u00e1n szerzett \u00e9lm\u00e9nyek feleleven\u00edt\u00e9s\u00e9vel, az elk\u00e9sz\u00fclt m\u0171vek ki\u00e1ll\u00edt\u00e1s\u00e1val z\u00e1rtuk.<\/p>\n\n\t\t<style type=\"text\/css\">\n\t\t\t#gallery-2 {\n\t\t\t\tmargin: auto;\n\t\t\t}\n\t\t\t#gallery-2 .gallery-item {\n\t\t\t\tfloat: left;\n\t\t\t\tmargin-top: 10px;\n\t\t\t\ttext-align: center;\n\t\t\t\twidth: 25%;\n\t\t\t}\n\t\t\t#gallery-2 img {\n\t\t\t\tborder: 2px solid #cfcfcf;\n\t\t\t}\n\t\t\t#gallery-2 .gallery-caption {\n\t\t\t\tmargin-left: 0;\n\t\t\t}\n\t\t\t\/* see gallery_shortcode() in wp-includes\/media.php *\/\n\t\t<\/style>\n\t\t<div id='gallery-2' class='gallery galleryid-3556 gallery-columns-4 gallery-size-medium'><dl class='gallery-item'>\n\t\t\t<dt class='gallery-icon portrait'>\n\t\t\t\t<a href='\/?attachment_id=3565'><img loading=\"lazy\" decoding=\"async\" width=\"225\" height=\"300\" src=\"\/wp-content\/uploads\/2022\/09\/296461674_859252511721995_3174115308611274093_n-225x300.png\" class=\"attachment-medium size-medium\" alt=\"\" srcset=\"\/wp-content\/uploads\/2022\/09\/296461674_859252511721995_3174115308611274093_n-225x300.png 225w, \/wp-content\/uploads\/2022\/09\/296461674_859252511721995_3174115308611274093_n.png 235w\" sizes=\"auto, (max-width: 225px) 100vw, 225px\" \/><\/a>\n\t\t\t<\/dt><\/dl><dl class='gallery-item'>\n\t\t\t<dt class='gallery-icon landscape'>\n\t\t\t\t<a href='\/?attachment_id=3566'><img loading=\"lazy\" decoding=\"async\" width=\"300\" height=\"201\" src=\"\/wp-content\/uploads\/2022\/09\/296471179_419379210224908_9139840424935387723_n-300x201.png\" class=\"attachment-medium size-medium\" alt=\"\" srcset=\"\/wp-content\/uploads\/2022\/09\/296471179_419379210224908_9139840424935387723_n-300x201.png 300w, \/wp-content\/uploads\/2022\/09\/296471179_419379210224908_9139840424935387723_n.png 353w\" sizes=\"auto, (max-width: 300px) 100vw, 300px\" \/><\/a>\n\t\t\t<\/dt><\/dl><dl class='gallery-item'>\n\t\t\t<dt class='gallery-icon portrait'>\n\t\t\t\t<a href='\/?attachment_id=3567'><img loading=\"lazy\" decoding=\"async\" width=\"247\" height=\"300\" src=\"\/wp-content\/uploads\/2022\/09\/296476872_855670075838274_597799454202336249_n-247x300.png\" class=\"attachment-medium size-medium\" alt=\"\" srcset=\"\/wp-content\/uploads\/2022\/09\/296476872_855670075838274_597799454202336249_n-247x300.png 247w, \/wp-content\/uploads\/2022\/09\/296476872_855670075838274_597799454202336249_n.png 254w\" sizes=\"auto, (max-width: 247px) 100vw, 247px\" \/><\/a>\n\t\t\t<\/dt><\/dl><dl class='gallery-item'>\n\t\t\t<dt class='gallery-icon landscape'>\n\t\t\t\t<a href='\/?attachment_id=3568'><img loading=\"lazy\" decoding=\"async\" width=\"300\" height=\"207\" src=\"\/wp-content\/uploads\/2022\/09\/296596777_464033325230446_1960070364960773722_n-300x207.png\" class=\"attachment-medium size-medium\" alt=\"\" srcset=\"\/wp-content\/uploads\/2022\/09\/296596777_464033325230446_1960070364960773722_n-300x207.png 300w, \/wp-content\/uploads\/2022\/09\/296596777_464033325230446_1960070364960773722_n.png 379w\" sizes=\"auto, (max-width: 300px) 100vw, 300px\" \/><\/a>\n\t\t\t<\/dt><\/dl><br style=\"clear: both\" \/><dl class='gallery-item'>\n\t\t\t<dt class='gallery-icon landscape'>\n\t\t\t\t<a href='\/?attachment_id=3569'><img loading=\"lazy\" decoding=\"async\" width=\"300\" height=\"213\" src=\"\/wp-content\/uploads\/2022\/09\/296615560_744265430121726_297612243760767692_n-300x213.png\" class=\"attachment-medium size-medium\" alt=\"\" srcset=\"\/wp-content\/uploads\/2022\/09\/296615560_744265430121726_297612243760767692_n-300x213.png 300w, \/wp-content\/uploads\/2022\/09\/296615560_744265430121726_297612243760767692_n.png 343w\" sizes=\"auto, (max-width: 300px) 100vw, 300px\" \/><\/a>\n\t\t\t<\/dt><\/dl><dl class='gallery-item'>\n\t\t\t<dt class='gallery-icon landscape'>\n\t\t\t\t<a href='\/?attachment_id=3570'><img loading=\"lazy\" decoding=\"async\" width=\"300\" height=\"195\" src=\"\/wp-content\/uploads\/2022\/09\/296637392_466078765024602_6550104733354685213_n-300x195.png\" class=\"attachment-medium size-medium\" alt=\"\" srcset=\"\/wp-content\/uploads\/2022\/09\/296637392_466078765024602_6550104733354685213_n-300x195.png 300w, \/wp-content\/uploads\/2022\/09\/296637392_466078765024602_6550104733354685213_n.png 365w\" sizes=\"auto, (max-width: 300px) 100vw, 300px\" \/><\/a>\n\t\t\t<\/dt><\/dl><dl class='gallery-item'>\n\t\t\t<dt class='gallery-icon portrait'>\n\t\t\t\t<a href='\/?attachment_id=3571'><img loading=\"lazy\" decoding=\"async\" width=\"193\" height=\"257\" src=\"\/wp-content\/uploads\/2022\/09\/297496319_5583148928394569_6839784251691140013_n.png\" class=\"attachment-medium size-medium\" alt=\"\" \/><\/a>\n\t\t\t<\/dt><\/dl>\n\t\t\t<br style='clear: both' \/>\n\t\t<\/div>\n\n","protected":false},"excerpt":{"rendered":"<p>2022.06.20-06.24 k\u00f6zt negyven als\u00f3 tagozatos gyermek t\u00e1boroztat\u00e1sa val\u00f3sult meg. A programtervek megval\u00f3s\u00edt\u00e1sakor az Alap\u00edtv\u00e1ny \u00e1ltal meghat\u00e1rozott \u00f6t k\u00f6telez\u0151 programelemet kellett felhaszn\u00e1lni: \u2022\u00a0\u00a0 \u00a0\u00d6nismeret, k\u00f6z\u00f6ss\u00e9g\u00e9p\u00edt\u00e9s, kompetenciafejleszt\u00e9s, \u2022\u00a0\u00a0 \u00a0Sport, eg\u00e9szs\u00e9gtudatos \u00e9letm\u00f3d, \u2022\u00a0\u00a0 \u00a0K\u00f6rnyezettudatoss\u00e1g, term\u00e9szeti \u00e9rt\u00e9keink \u00e9s k\u00f6rnyezetsz\u00e9p\u00edt\u00e9s, \u2022\u00a0\u00a0 \u00a0M\u0171v\u00e9szeti nevel\u00e9s, kultur\u00e1lis \u00f6r\u00f6ks\u00e9geink, hagyom\u00e1ny\u0151rz\u00e9s, k\u00e9zm\u0171vess\u00e9g, \u2022\u00a0\u00a0 \u00a0Kir\u00e1ndul\u00e1s Az els\u0151 t\u00e1bor a \u201eSz\u00fcl\u0151f\u00f6ldem sz\u00e9p [&hellip;]<\/p>\n","protected":false},"author":1,"featured_media":0,"parent":0,"menu_order":0,"comment_status":"closed","ping_status":"closed","template":"","meta":{"footnotes":""},"class_list":["post-3556","page","type-page","status-publish","hentry"],"_links":{"self":[{"href":"\/index.php?rest_route=\/wp\/v2\/pages\/3556","targetHints":{"allow":["GET"]}}],"collection":[{"href":"\/index.php?rest_route=\/wp\/v2\/pages"}],"about":[{"href":"\/index.php?rest_route=\/wp\/v2\/types\/page"}],"author":[{"embeddable":true,"href":"\/index.php?rest_route=\/wp\/v2\/users\/1"}],"replies":[{"embeddable":true,"href":"\/index.php?rest_route=%2Fwp%2Fv2%2Fcomments&post=3556"}],"version-history":[{"count":1,"href":"\/index.php?rest_route=\/wp\/v2\/pages\/3556\/revisions"}],"predecessor-version":[{"id":3572,"href":"\/index.php?rest_route=\/wp\/v2\/pages\/3556\/revisions\/3572"}],"wp:attachment":[{"href":"\/index.php?rest_route=%2Fwp%2Fv2%2Fmedia&parent=3556"}],"curies":[{"name":"wp","href":"https:\/\/api.w.org\/{rel}","templated":true}]}}