{"id":2142,"date":"2017-10-28T18:57:21","date_gmt":"2017-10-28T18:57:21","guid":{"rendered":"http:\/\/mindszentiskola.hu\/?page_id=2142"},"modified":"2017-10-28T18:57:21","modified_gmt":"2017-10-28T18:57:21","slug":"fogszabalyozas-szemeszet-elerhetosege","status":"publish","type":"page","link":"\/?page_id=2142","title":{"rendered":"Fogszab\u00e1lyoz\u00e1s, szem\u00e9szet el\u00e9rhet\u0151s\u00e9ge"},"content":{"rendered":"<p><strong>Fogszab\u00e1lyoz\u00e1s<\/strong><\/p>\n<p>Dr. K\u00e1rp\u00e1ti Krisztina gyermek-fogszakorvos (csak beutal\u00f3val).<br \/>\n<strong>Rendel\u00e9s helye<\/strong>: H\u00f3dmez\u0151v\u00e1s\u00e1rhely, L\u00e1z\u00e1r utca 10. sz\u00e1m<br \/>\n<strong>Rendel\u00e9s ideje<\/strong>: cs\u00fct\u00f6rt\u00f6k 7-17 \u00f3r\u00e1ig<br \/>\np\u00e9ntek 13-18 \u00f3r\u00e1ig<br \/>\n<strong>Telefonsz\u00e1m<\/strong>: 06-62-534-320<\/p>\n<hr \/>\n<p><strong>Szem\u00e9szet<\/strong><\/p>\n<p>Szakrendel\u00e9s (beutal\u00f3val).<br \/>\nTelefonsz\u00e1m: 06-62-532-348<\/p>\n","protected":false},"excerpt":{"rendered":"<p>Fogszab\u00e1lyoz\u00e1s Dr. K\u00e1rp\u00e1ti Krisztina gyermek-fogszakorvos (csak beutal\u00f3val). Rendel\u00e9s helye: H\u00f3dmez\u0151v\u00e1s\u00e1rhely, L\u00e1z\u00e1r utca 10. sz\u00e1m Rendel\u00e9s ideje: cs\u00fct\u00f6rt\u00f6k 7-17 \u00f3r\u00e1ig p\u00e9ntek 13-18 \u00f3r\u00e1ig Telefonsz\u00e1m: 06-62-534-320 Szem\u00e9szet Szakrendel\u00e9s (beutal\u00f3val). Telefonsz\u00e1m: 06-62-532-348<\/p>\n","protected":false},"author":1,"featured_media":0,"parent":0,"menu_order":0,"comment_status":"closed","ping_status":"closed","template":"","meta":{"footnotes":""},"class_list":["post-2142","page","type-page","status-publish","hentry"],"_links":{"self":[{"href":"\/index.php?rest_route=\/wp\/v2\/pages\/2142","targetHints":{"allow":["GET"]}}],"collection":[{"href":"\/index.php?rest_route=\/wp\/v2\/pages"}],"about":[{"href":"\/index.php?rest_route=\/wp\/v2\/types\/page"}],"author":[{"embeddable":true,"href":"\/index.php?rest_route=\/wp\/v2\/users\/1"}],"replies":[{"embeddable":true,"href":"\/index.php?rest_route=%2Fwp%2Fv2%2Fcomments&post=2142"}],"version-history":[{"count":1,"href":"\/index.php?rest_route=\/wp\/v2\/pages\/2142\/revisions"}],"predecessor-version":[{"id":2143,"href":"\/index.php?rest_route=\/wp\/v2\/pages\/2142\/revisions\/2143"}],"wp:attachment":[{"href":"\/index.php?rest_route=%2Fwp%2Fv2%2Fmedia&parent=2142"}],"curies":[{"name":"wp","href":"https:\/\/api.w.org\/{rel}","templated":true}]}}